 13, 17, 709
List the prime factors of 814079.
7, 17, 6841
List the prime factors of 106673.
7, 311
List the prime factors of 178869.
3, 109, 547
What are the prime factors of 188806?
2, 67, 1409
List the prime factors of 21449651.
19, 293, 3853
What are the prime factors of 4151429?
397, 10457
What are the prime factors of 438652?
2, 109663
What are the prime factors of 1558848?
2, 3, 23, 353
List the prime factors of 6187657.
7, 43, 61, 337
What are the prime factors of 192887?
192887
List the prime factors of 239406.
2, 3, 39901
List the prime factors of 46870.
2, 5, 43, 109
What are the prime factors of 2403886?
2, 109, 11027
List the prime factors of 444983.
7, 11, 5779
What are the prime factors of 576781?
29, 19889
What are the prime factors of 234992?
2, 19, 773
What are the prime factors of 9077134?
2, 11, 23, 17939
What are the prime factors of 25753754?
2, 13, 990529
List the prime factors of 426769.
7, 41, 1487
What are the prime factors of 10341875?
5, 16547
What are the prime factors of 6833523?
3, 2277841
List the prime factors of 583881.
3, 41, 47, 101
List the prime factors of 29432.
2, 13, 283
List the prime factors of 1293074.
2, 646537
List the prime factors of 1062208.
2, 7, 2371
List the prime factors of 2027556.
2, 3, 17, 3313
List the prime factors of 4702588.
2, 11, 106877
What are the prime factors of 311979?
3, 103993
What are the prime factors of 127964?
2, 31991
List the prime factors of 38357.
11, 317
What are the prime factors of 12317480?
2, 5, 7, 43991
What are the prime factors of 1774081?
503, 3527
What are the prime factors of 7172070?
2, 3, 5, 239069
What are the prime factors of 1465038?
2, 3, 199, 409
What are the prime factors of 2679686?
2, 1339843
List the prime factors of 202290.
2, 3, 5, 11, 613
What are the prime factors of 668444?
2, 7, 23873
What are the prime factors of 516151?
516151
List the prime factors of 21498598.
2, 11, 977209
What are the prime factors of 6421996?
2, 7, 211, 1087
What are the prime factors of 948221?
23, 41227
List the prime factors of 486844.
2, 121711
What are the prime factors of 196341?
3, 65447
What are the prime factors of 16081982?
2, 7, 1148713
List the prime factors of 1469943.
3, 163327
List the prime factors of 232024.
2, 13, 23, 97
What are the prime factors of 1860171?
3, 23, 26959
What are the prime factors of 17487406?
2, 23, 29, 13109
What are the prime factors of 1469144?
2, 227, 809
List the prime factors of 576738.
2, 3, 179
List the prime factors of 11737671.
3, 11, 401, 887
List the prime factors of 11181704.
2, 29, 48197
What are the prime factors of 2737290?
2, 3, 5, 91243
List the prime factors of 1774816.
2, 37, 1499
List the prime factors of 9054205.
5, 857, 2113
What are the prime factors of 30902?
2, 15451
What are the prime factors of 9781660?
2, 5, 7, 109, 641
List the prime factors of 135128.
2, 7, 19, 127
What are the prime factors of 491043?
3, 7, 67, 349
List the prime factors of 3028670.
2, 5, 41, 83, 89
List the prime factors of 723568.
2, 41, 1103
What are the prime factors of 550197?
3, 113, 541
List the prime factors of 286249.
286249
What are the prime factors of 366047?
11, 107, 311
What are the prime factors of 16020088?
2, 7, 286073
What are the prime factors of 37939581?
3, 23, 183283
What are the prime factors of 7461704?
2, 43, 109, 199
What are the prime factors of 9978546?
2, 3, 1663091
List the prime factors of 8595186.
2, 3, 1432531
List the prime factors of 1505121.
3, 501707
List the prime factors of 643606.
2, 19, 16937
What are the prime factors of 16619379?
3, 7, 31, 521
What are the prime factors of 577064?
2, 53, 1361
List the prime factors of 7483751.
11, 680341
What are the prime factors of 322605?
3, 5, 67, 107
List the prime factors of 6741167.
31, 217457
List the prime factors of 7863097.
11, 714827
What are the prime factors of 6265915?
5, 19, 65957
List the prime factors of 20932209.
3, 775267
What are the prime factors of 2196?
2, 3, 61
What are the prime factors of 415224?
2, 3, 73, 79
What are the prime factors of 27104471?
27104471
List the prime factors of 216183.
3, 11, 6551
What are the prime factors of 72721?
11, 601
List the prime factors of 842451.
3, 280817
What are the prime factors of 1492217?
23, 64879
List the prime factors of 1359888.
2, 3, 41, 691
What are the prime factors of 592898?
2, 521, 569
What are the prime factors of 4607146?
2, 2303573
What are the prime factors of 17470124?
2, 7, 623933
What are the prime factors of 7060121?
859, 8219
What are the prime factors of 251842?
2, 125921
List the prime factors of 644236.
2, 161059
List the prime factors of 1171228.
2, 292807
What are the prime factors of 10488165?
3, 5, 699211
What are the prime factors of 277564?
2, 7, 23, 431
List the prime factors of 223560.
2, 3, 5, 23
List the prime factors of 1712359.
11, 17, 9157
What are the prime factors of 71781?
3, 71, 337
What are the prime factors of 1647705?
3, 5, 109847
List the prime factors of 17420123.
7, 83, 29983
List the prime factors of 176775.
3, 5, 2357
What are the prime factors of 405244?
2, 7, 41, 353
List the prime factors of 1057817.
997, 1061
What are the prime factors of 239753?
239753
What are the prime factors of 5410401?
3, 41, 43987
List the prime factors of 734924.
2, 313, 587
What are the prime factors of 194529?
3, 61, 1063
List the prime factors of 2236166.
2, 47, 23789
What are the prime factors of 23731184?
2, 17, 43, 2029
List the prime factors of 5650689.
3, 11, 171233
List the prime factors of 16151501.
19, 44741
What are the prime factors of 4653279?
3, 683, 757
List the prime factors of 234028.
2, 41, 1427
What are the prime factors of 180563?
180563
What are the prime factors of 1226736?
2, 3, 7, 1217
List the prime factors of 2188705.
5, 19, 23039
What are the prime factors of 72004?
2, 47, 383
List the prime factors of 950162.
2, 475081
What are the prime factors of 89968?
2, 5623
What are the prime factors of 5841533?
73, 80021
List the prime factors of 383652.
2, 3, 10657
What are the prime factors of 13952713?
61, 228733
What are the prime factors of 665724?
2, 3, 29, 1913
List the prime factors of 2458881.
3, 29, 9421
List the prime factors of 13087811.
11, 1189801
What are the prime factors of 16204167?
3, 7, 23, 53, 211
What are the prime factors of 8939621?
59, 277, 547
List the prime factors of 3821869.
19, 201151
List the prime factors of 3153242.
2, 103, 15307
What are the prime factors of 262065?
3, 5, 17471
List the prime factors of 13197506.
2, 7, 31, 47, 647
What are the prime factors of 429427?
429427
What are the prime factors of 8598121?
7, 1228303
List the prime factors of 328307.
7, 46901
What are the prime factors of 28506?
2, 3, 4751
What are the prime factors of 3014780?
2, 5, 17, 8867
What are the prime factors of 120168?
2, 3, 1669
What are the prime factors of 2579793?
3, 181, 4751
What are the prime factors of 6925400?
2, 5, 31, 1117
What are the prime factors of 1534073?
1534073
List the prime factors of 237253.
19, 12487
What are the prime factors of 14845717?
14845717
What are the prime factors of 383693?
383693
What are the prime factors of 1570?
2, 5, 157
List the prime factors of 2634387.
3, 7, 17921
What are the prime factors of 2402018?
2, 19, 63211
What are the prime factors of 949766?
2, 587, 809
List the prime factors of 857639.
83, 10333
What are the prime factors of 35166?
2, 3, 5861
What are the prime factors of 66519?
3, 19, 389
List the prime factors of 487943.
487943
What are the prime factors of 47746?
2, 23873
List the prime factors of 899764.
2, 19, 11839
What are the prime factors of 7424839?
19, 390781
What are the prime factors of 15877649?
15877649
What are the prime factors of 105009?
3, 17, 29, 71
What are the prime factors of 265971?
3, 88657
What are the prime factors of 93385?
5, 19, 983
What are the prime factors of 429013?
13, 61, 541
What are the prime factors of 5231261?
7, 747323
What are the prime factors of 30351?
3, 67, 151
List the prime factors of 138116.
2, 11, 43, 73
What are the prime factors of 7464222?
2, 3, 414679
List the prime factors of 17758911.
3, 499, 11863
What are the prime factors of 1349660?
2, 5, 13, 29, 179
List the prime factors of 3559917.
3, 23, 51593
What are the pr